2)/n) prime?
False
Let n(z) be the third derivative of -z**2 + 0*z + 0 - 2/3*z**3 - 5/24*z**4. Is n(-3) a prime number?
True
Let t be 1/2 + (-248)/16. Suppose 4*r - 18 = 142. Let g = t + r. Is g a composite number?
True
Is -2 - -1 - (-16 + -8) a composite number?
False
Let s = 132 + 353. Is s a composite number?
True
Let f = -1468 + 4837. Is f composite?
True
Let n be (5/15)/((-3)/9). Is ((-235)/(-4))/(n/(-4)) a composite number?
True
Let s(x) = -x**2 - 7*x - 6. Suppose 0*w = w + 5. Is s(w) prime?
False
Let y(g) = -398*g**3 - g - 2. Is y(-1) a composite number?
False
Let t = 5 + -4. Is (-164 + 2)/(-3) - t a composite number?
False
Let z(a) = a**3 - 11*a**2 - 3*a - 9. Let f = 16 - 9. Let i be z(f). Let r = -99 - i. Is r a prime number?
True
Let d(y) = y**2 + 11*y + 11. Let i = -12 + -1. Is d(i) a composite number?
False
Let w(z) = z - 4. Let t be w(6). Suppose -k - 671 = -4*b - 4*k, 169 = b + t*k. Let u = b - 88. Is u composite?
False
Let d be (9/(-6))/((-3)/4). Suppose 2*u = -3*q - 14, 0 = -d*q + 4 - 12. Is u/(-4) - 518/(-8) composite?
True
Let k(y) = y + 7. Let w(c) = 2*c + 8. Let i(z) = 4*k(z) - 3*w(z). Is i(-3) prime?
False
Suppose -3*a - 4*c - 28 = -77, -5*c + 66 = 4*a. Is a prime?
True
Suppose -9*v + 3*n + 4139 = -5*v, -5*v = 4*n - 5135. Is v a prime number?
True
Let f = -51 + 36. Is (-278)/(-6) + 5/f a composite number?
True
Let g(t) = 10*t**2 - 12*t - 3. Is g(-7) prime?
True
Suppose -5*j = -5*i - 2025, 2*j - 3*j = -2*i - 401. Is j composite?
False
Suppose -a + x = -x - 39, -5*a + 3*x = -160. Is (0 - a/2)*-14 prime?
False
Suppose 4061 = 5*t - 8594. Is t a prime number?
True
Let n(i) = 0*i + i - 3*i + 3*i. Let d be n(3). Suppose 2*v + 0*v = 2*p + 168, -d*p - 331 = -4*v. Is v a composite number?
False
Let q be 8/36 + (-2)/9. Suppose x + 4*u - 170 = 0, q*x + u - 869 = -5*x. Is 4/20 + x/5 prime?
False
Let f be -11*(6/(-2) - -4). Let j(y) = -22*y + 5. Is j(f) composite?
True
Let o(u) = 18*u**2 - 2*u - 1. Suppose 0 = 3*f + 2*i - 9, 0 = 5*f - i + 2*i - 15. Is o(f) a composite number?
True
Let y be 3/(-2)*(-100)/6. Let g = -10 + y. Is g prime?
False
Let d = 2552 - 1293. Is d composite?
False
Suppose 0 = 2*u + 2 - 14. Suppose -u*v + 330 = -v. Suppose 6*o - v = 3*o. Is o composite?
True
Let y = -1100 - -1821. Is y prime?
False
Suppose -122 = 5*n + 13. Is 522/(-4)*18/n composite?
True
Let w(g) = g**3 + 4*g**2 - g + 1. Let b be w(-3). Let a = b + 25. Let x = a + -27. Is x composite?
False
Suppose -3*c + 16 = -5*o, -5 = -3*c - o - 1. Let v = 3 + c. Suppose -2*k + 37 = i, -5*i = -v*k - 0*i + 100. Is k a prime number?
True
Is 1 + -1 - (-437 - 10) composite?
True
Let x(p) = 3*p**2 + p - 5. Suppose 8 = -k + 6*k - 3*s, 0 = -k + 2*s - 4. Is x(k) a prime number?
True
Let p(f) = -319*f**3 - f**2 - f. Is p(-1) prime?
False
Suppose 3*f - 5*q + 13 = -f, -q = -5. Suppose 5*c - f*v = -0*c - 2, -c + 10 = 2*v. Suppose -c*t - 3*t + 65 = 0. Is t composite?
False
Let b = -152 + 343. Is b prime?
True
Suppose 3*m - 2 = 3*p - 5*p, 4*m - 2*p + 16 = 0. Let d(n) = -27*n - 3. Let i be d(m). Let r = i + -30. Is r composite?
True
Is 1223*4/12 + 2/(-3) a composite number?
True
Let z be 12/18 - (-1)/3. Is (-98)/(6/((-3)/z)) a prime number?
False
Let h(j) = j**3 + 3*j**2 - 5*j + 1. Let b be h(-4). Suppose 4*l - b*c = 758, 3*c = 5*l - 2*c - 945. Is l a prime number?
False
Let l be (-6)/(-3)*2/1. Suppose 10 = o + l*o. Suppose 4*u - 4*p - 188 = 0, -2*u + 156 = o*u + 4*p. Is u prime?
True
Let s be 3 - (-1 - (3 + -6)). Is s - (-52 + (-3 - -1)) a composite number?
True
Let w be (-4)/(2 - 1) + -1. Let q be w/7 + 2/(-7). Is ((0 - q) + 0)*3 a composite number?
False
Let s be (-27)/21 + 2/7. Let l = 3 + s. Suppose -l*b = -b - 26. Is b composite?
True
Suppose 1 = x - 2. Let m be (-58)/3*x/(-2). Let l = -16 + m. Is l composite?
False
Suppose 3*d + 28 = 4*p, 5*p = -4*d + 2 + 2. Suppose -414 = -p*v + 150. Is v prime?
False
Let x(c) = -c**3 - c**2 + 23. Let o = -4 + 4. Is x(o) composite?
False
Let r(x) = 73*x**3 + 2*x**2 + 4*x - 1. Let h(d) = d**3 + d**2 + d. Let a(i) = -3*h(i) + r(i). Let n be a(1). Suppose n = -3*u + 228. Is u prime?
True
Let d = 80 + -45. Is d a prime number?
False
Let u(t) = 6*t + 6. Let f be u(-4). Let b = 12 + f. Let g(z) = z**3 + 7*z**2 + 5*z + 4. Is g(b) a prime number?
False
Let m(b) be the third derivative of -b**5/60 - 2*b**4/3 - b**3/3 - 9*b**2. Is m(-11) prime?
True
Let h = -9 + 6. Is (h/(-1))/((-3)/(-106)) a composite number?
True
Suppose -5*z + 319 = -26. Is z a composite number?
True
Suppose -2566 = -2*r - 0*r. Is r prime?
True
Let s = 713 + -334. Is s prime?
True
Suppose f + 0*f = 2*o - 1077, 0 = 4*o - 3*f - 2151. Suppose n + o = 3*i - 0*i, 2*i + n - 365 = 0. Is i a prime number?
True
Let q be -1 - -163*2/2. Is (-1 - 0)*1 + q prime?
False
Let n = 46 + -31. Is 16713/n + 8/10 a prime number?
False
Let t be (9/2)/((-3)/(-6)). Suppose b - 4*b = -t. Suppose a = 3*h, b*a - 2*a + 3*h = 18. Is a prime?
False
Let y = 13 + -10. Suppose -482 = -5*j + 2*v - v, 2*j - y*v - 185 = 0. Is j a composite number?
False
Suppose 13*t - 17*t = -268. Is t composite?
False
Suppose -3*z + 3*d + 2*d = -4177, -2*z + 2790 = -2*d. Is z a prime number?
True
Let o = -323 - -560. Let u = o + -126. Is u prime?
False
Let b = -1147 - -1734. Is b composite?
False
Suppose -5*l = -4*l - 94. Is l a composite number?
True
Let b(j) = 15*j**2 - 2*j + 3. Let z be b(2). Let f = z - -96. Suppose 2*m = -3*m + f. Is m a prime number?
True
Let t(m) = 3 - m - m**2 - 41*m**3 - 2 - 23*m**3 - 2. Is t(-2) composite?
False
Let h = -4 - -7. Suppose 22 + 13 = h*v + 5*z, -v - 4*z = -7. Is v a composite number?
True
Suppose 5*s - 20 = -5. Suppose 5 = s*z - 10. Let v = 6 + z. Is v a composite number?
False
Is (-3 - -40)*7/1 a prime number?
False
Let i = 6 - 3. Suppose 3*n + 3671 = 4*b - i*b, 2*b - 6120 = 5*n. Is 2/(-7) - n/14 prime?
False
Let f(s) = -50*s + 15. Is f(-7) a prime number?
False
Let s = 3 - 1. Suppose -s*r + r + 5 = 0. Suppose 0 = q - 4*q + 3*b + 78, -r*q - b = -100. Is q a composite number?
True
Let n(p) = 6*p + 5*p**2 - 12 + 3*p**2 + 6*p + 2*p**3 - 3*p**3. Is n(9) a composite number?
True
Let h = -209 + 432. Is h a composite number?
False
Suppose -6*c + c = -110. Suppose -4*l - 9 = 5*u + 8, -u = 5*l + 16. Let i = c - u. Is i composite?
False
Let f(o) = o**3 + 7*o**2 - 2*o - 3. Is f(-4) a prime number?
True
Let n = -11 - -12. Suppose 0 = -0*d - 5*d + 20, -z - 5*d = -75. Is (-2 + n)/((-1)/z) a composite number?
True
Suppose 0 = 5*g - k - 2 - 3, 5*g - 2*k = 0. Let p(j) = j**3 + 7*j**2 - 10*j - 12. Let q be p(-8). Suppose -3*o = -c - c + 95, -q*c + g*o = -210. Is c prime?
False
Is (316/(-6))/((-12)/18) a prime number?
True
Let d(b) = 107*b**2 - 8*b + 12. Let s(w) = -27*w**2 + 2*w - 3. Let m(x) = -2*d(x) - 9*s(x). Suppose -5*o - 3 = -13. Is m(o) composite?
True
Let k(b) = -b**2 - 3*b + 3. Let h be k(-5). Suppose -4*c + 20 = c. Let p = c - h. Is p composite?
False
Let l = 7494 - 4675. Is l a composite number?
False
Suppose 2*r - 3*y = -0*r + 158, -2*r = 3*y - 158. Is r composite?
False
Let w(p) = 3*p**2 + 2*p + 1. Let u be w(-1). Suppose -u*s = 3*s - 1605. Is s prime?
False
Let s = 10 + -5. Let m(g) = -g**2 + 7*g + 6. Let d be m(s). Suppose -8*f + d = -4*f. Is f prime?
False
Let p = 9 - 9. Suppose p*w + 5*w - 710 = 0. Is 0 + (w/1)/2 a composite number?
False
Let s = -6 + 1600. Is s a prime number?
False
Let n = 207 + 100. Is n a prime number?
True
Suppose 2*q - 291 = -q. Is q prime?
True
Suppose -3*s = -2*w - 3*w + 8273, w - 4*s = 1641. Is w prime?
True
Let q(n) = -n**3 - 17*n**2 - 17*n + 3. Is q(-16) composite?
False
Let n be 1/(-1 + 12/10). Suppose 564 = n*r - 3*b, -459 = -4*r + b + 4*b. Is r composite?
True
Suppose 4*a - 22 = 2*b, 3*b + 17 = -3*a + a. Let f = 5 + b. Let h(n) = -17*n - 1. Is h(f) a composite number?
True
Let k be 213/(((-45)/6)/5). Let g = k + 234. Suppose 2*z - 3*w + 47 = 138, 2*z - g = 2*w. Is z a composite number?
False
Let l(o) = -o - 6. Let h be l(-9). Let p(y) = -3*y**2 + 0 - y**h - 3*y**2 - 9 - 4*y - 2*y**2. Is p(-8) a composite number?
False
Let f be 58/8*(-12)/3. Suppose 2*g + 15 = -5. Let n = g - f. Is n a prime number?
True
Let t(k) = 2*k - 4. Let y be t(3). Let d(s) = 0*s**2 - 2 - s**3 - 4 - s - 3*s**y. Is d(-5) prime?
False
Let n(b) = -3*b**3 - 9*b**2 - b - 1. Let y(k) = -k*